alculate the remainder when 16 is divided by v.
1
Suppose 45 = -2*b - 31. Suppose -t - 2*t = -219. What is the remainder when t is divided by (-8)/(-8)*b/(-2)?
16
Suppose 0 = -5*g - 256 + 401. Let x = -58 - -143. Calculate the remainder when x is divided by g.
27
Suppose 0 = -l - 1, 7*u + l - 414 = 2*u. What is the remainder when u is divided by 21?
20
Let m(f) = f**2 - 11*f - 14. Calculate the remainder when m(-7) is divided by 23.
20
Let x = -2 - -5. Suppose -8 + 2 = -x*a. What is the remainder when 5 is divided by a?
1
Let j(d) = -d + 22. What is the remainder when j(-3) is divided by 7?
4
Let f(d) = d**3 + 13*d**2 + 13*d + 18. What is the remainder when f(-12) is divided by 3?
0
Let w = -10 + 15. Suppose w = 2*c - 11. Calculate the remainder when 23 is divided by c.
7
Suppose -3*v = a + 3*a - 36, 0 = -4*v + a + 29. Let t = -2 + 7. Suppose 39 = t*k - 71. What is the remainder when k is divided by v?
6
Let t be -4*-1*(-17)/(-4). Suppose -4*q + 11 = -t. What is the remainder when 34 is divided by q?
6
Suppose 7 = 2*x - 7. Suppose 4*j = 90 - 10. Calculate the remainder when j is divided by x.
6
Let p(n) = n**3 - 5*n**2 + 6. Let z be p(5). Let o be (-276)/(-10) + (-6)/(-15). Let r = o - z. Calculate the remainder when r is divided by 8.
6
Let a(r) = -r**2 + 3*r + 2. Let o be a(3). Suppose -l + 4*d = -24, o*l - 62 = -l + 2*d. What is the remainder when 78 is divided by l?
18
Let x(j) = -6*j**3 + j**2 - 1. Let a = -12 - -28. What is the remainder when a is divided by x(-1)?
4
Suppose -a + 8 = -6. What is the remainder when 39 is divided by a?
11
Suppose 0*f - 2*f + 27 = 3*d, 26 = f + 4*d. What is the remainder when 20 is divided by f?
2
Suppose 0 = 4*x - 2*v - 48, 3*v + 54 - 2 = 4*x. Let s = 14 + -8. Calculate the remainder when x is divided by s.
4
Suppose 3*o = -2*o - 2*d + 12, -4 = 3*o + 4*d. Let n = o + 3. What is the remainder when 18 is divided by n?
4
Let d(s) = -17 + 5*s + 7 + 10*s**2 - s**3 - 5. Calculate the remainder when d(10) is divided by 9.
8
Let w(j) = -j**2 - 14*j + 24. Calculate the remainder when w(-10) is divided by 26.
12
Let h = -10 - -22. Calculate the remainder when h is divided by 7.
5
Suppose -2*z + 141 = 5*u, -2*z + 3*z = 5*u - 132. Suppose 0 = -4*j + 9*j - 230. Let k = j + -32. What is the remainder when u is divided by k?
13
Let t(c) = c**2 - 2. Let s be t(2). Suppose s = m - 9. Let v = 27 + 5. Calculate the remainder when v is divided by m.
10
Let r = 18 + 9. What is the remainder when r is divided by 7?
6
Calculate the remainder when 7 is divided by 15/10 - (-18)/4.
1
Let a = -8 + 19. Calculate the remainder when 32 is divided by a.
10
Let j(i) = -i**2 + 48. Let g be j(0). Suppose 4*k = b + g, -3*k + 0*b - 3*b = -36. Calculate the remainder when 1*1/(-1) + 23 is divided by k.
10
Let n = 54 + -39. Calculate the remainder when 103 is divided by n.
13
Let d = 0 + 48. What is the remainder when d is divided by 25?
23
What is the remainder when 371/(-35)*-5*1 is divided by 9?
8
What is the remainder when 32 is divided by 8/6*(81/6)/1?
14
Let g(p) = p**3 - 7*p**2 - 2*p + 10. Let d be g(7). What is the remainder when ((-2)/d)/(4/120) is divided by 4?
3
Let a = 40 - 13. Suppose 0*r + 70 = 5*r. What is the remainder when a is divided by r?
13
Suppose -15 = -2*q + 15. Calculate the remainder when q - -1 - 57/19 is divided by 8.
5
Let x(m) = m**3 - 4*m**2 + m - 6. Let q be x(5). Suppose 0*y = 4*y - q. Calculate the remainder when 22 is divided by y.
4
Let i = -37 + 62. Calculate the remainder when i is divided by 7.
4
Suppose -g + 5 + 0 = 0. What is the remainder when ((-45)/(-25))/3 + (-84)/(-10) is divided by g?
4
Let j = 1 - -1. What is the remainder when 9 is divided by ((-9)/(-6))/(1/j)?
0
Let b be 4/(-12) + 57/9. Let g = b + 3. Calculate the remainder when g is divided by 5.
4
Suppose 2 = -2*b + 4. Let z = 4 + b. Calculate the remainder when 7 is divided by z.
2
Let h(k) = 22*k**2 - k. Let d(f) = -f + 6. Calculate the remainder when h(1) is divided by d(-5).
10
What is the remainder when 135/5 + 6/2 is divided by 8?
6
Let u = -38 - -74. Calculate the remainder when 105 is divided by u.
33
Calculate the remainder when 43 is divided by (117 + 3)/6 - (-4 + 2).
21
Suppose 22 = -2*o + 5*o + 2*u, -24 = -5*o + 3*u. Let v = -1 - -1. Suppose v = -4*i + 48 + 16. What is the remainder when i is divided by o?
4
Let i(d) = -d + 1. Let s(l) = 12*l**2 + 4*l - 5. Let f(y) = 4*i(y) + s(y). Let q be f(-2). Let v = q + -24. What is the remainder when v is divided by 6?
5
Suppose c - 18 = z, -4*z - 14 = -c + 7. Let k be 2 + (0 - (-48)/3). Let u = k + -12. What is the remainder when c is divided by u?
5
Suppose 4*s = s + 51. What is the remainder when 65 is divided by s?
14
Let c = -56 + 96. Let b = 34 - 20. Calculate the remainder when c is divided by b.
12
Suppose 3*w = 5*s - 38 - 61, 3*w = 2*s - 45. Let h be ((-11)/3 - -1)*-9. Let j = -14 + h. What is the remainder when s is divided by j?
8
Let m(l) = 2*l**3 - 3*l**2 - l - 4. What is the remainder when (-12)/18*(-177)/2 is divided by m(3)?
19
Let t(m) = m**3 - 8*m**2 + 8*m + 2. Let d be t(7). Suppose 4*j = -y + 53, 3*j - d = 5*y + 2. What is the remainder when j is divided by 7?
5
Let h be (6/(-3))/(-2) + 5. Calculate the remainder when 4/3*h/4 is divided by 2.
0
Let q(o) = -3*o + 3. Let n be q(-5). Let i = n + 5. Calculate the remainder when i is divided by 12.
11
Suppose 3*q = -5*j + 127, -2*j + 135 = 3*j - 5*q. What is the remainder when 206 is divided by j?
24
Let o be 4/2 + 1/1. Suppose m - 8 + o = 0. Calculate the remainder when m is divided by 2.
1
Let a = -84 - -183. Calculate the remainder when a is divided by 25.
24
Let b(d) = -4*d - 3. Let j be b(-2). Let o = 4 + j. Calculate the remainder when 17 is divided by o.
8
Suppose 3*q + 7 + 5 = 0, -5*q = 4*c - 12. Let u = 38 + -16. Calculate the remainder when u is divided by c.
6
Let a(x) = -x**3 + x**2 - x + 5. Let m be (-63)/(-12) + (-1)/4. Suppose 0 = -0*t - t - 3, 3*t = -m*g + 6. Calculate the remainder when a(0) is divided by g.
2
Let x(w) = -w + 6. Let g be x(4). Suppose -g*j - 84 = -6*j. What is the remainder when j is divided by 11?
10
Suppose 5*o = -3*s + 191, -121 - 131 = -4*s - 4*o. What is the remainder when s is divided by 21?
20
Let i = -5 + 13. Calculate the remainder when (-9)/(-1 - (-2)/(-4)) is divided by (2 - 1)/(2/i).
2
Suppose -4*z + 88 = -40. Suppose 4*j = -l + 23, 2*l + 0*j - z = -j. Calculate the remainder when ((-20)/l)/(1/(-39)) is divided by 18.
16
Suppose -h = -4*r - 9, -3*h + 2*r - 3*r = -66. Calculate the remainder when 81 is divided by h.
18
Suppose -t = p - 3*t - 1, 0 = 2*t - 2. Suppose 116 = p*g + g. What is the remainder when g is divided by 10?
9
Suppose -4*s = -0*s + 8. Let q = -3 - s. Let t(c) = 30*c**2 - 2*c - 1. Calculate the remainder when t(q) is divided by 11.
9
Let m be 3 + 22*10 + 2. Suppose -2*i + 4*g + m = 3*i, -2*i - 5*g = -57. Calculate the remainder when i is divided by 22.
19
Let u = 4 - -3. Suppose 4*y = 60 + 20. Calculate the remainder when y is divided by u.
6
Suppose 2*g + 2*g = 20. What is the remainder when g is divided by 1?
0
Let x(w) = -83*w**3 - w - 1. Let a be x(-1). Suppose 0 = -2*k + a - 3. Calculate the remainder when k is divided by 14.
12
Suppose 0 = -4*n - 0*n. Suppose 2*f - 3*d - 13 + 0 = n, 4*f = 3*d + 23. Calculate the remainder when 14 is divided by f.
4
Let z be (-1)/(1*2/(-4)). Suppose z*h - 77 = -5*f + h, 5*h = 10. What is the remainder when f is divided by (-8)/((-1)/2*2)?
7
Suppose -l + 35 = 2*v, -5*l - 53 = -0*v - 2*v. Calculate the remainder when v is divided by 4.
3
Let a(o) = -18*o + 1. Suppose -5*c + 65 = -3*j, 2*c - 35 = c + 5*j. What is the remainder when a(-1) is divided by c?
9
Let j = 6 + -7. Let s be 6*j*1 + 3. Let b = 3 - s. What is the remainder when 17 is divided by b?
5
Let j be 4 - (-3 + 0)/(-3). Suppose j*y + 39 = -c + 5*c, -c + 4*y + 26 = 0. Calculate the remainder when 22 is divided by c.
4
Let q(p) = 46*p**2 + 1. Let c be q(-1). Calculate the remainder when c/(-2)*(-3 - -1) is divided by 12.
11
Suppose -11*w = -12*w + 13. What is the remainder when 51 is divided by w?
12
Let a = 26 + -22. What is the remainder when 25 is divided by (-668)/(-52) - a/(-26)?
12
Suppose -5*x + 206 + 262 = -u, -u + 2 = 0. Calculate the remainder when x is 